5 = -51*o + 20985. What are the prime factors of o?
2, 5, 7, 37
What are the prime factors of (9 - (-109648)/21) + 5 + (-1)/3?
3, 5, 349
Suppose -802*m + 803*m - 16365 = 0. What are the prime factors of m?
3, 5, 1091
Let w(k) = 3*k**3 + 9*k**2 - 150*k - 4. What are the prime factors of w(17)?
2, 7393
Let i = -484 - -39. Let m = i + 720. List the prime factors of m.
5, 11
Let o be (-93 - 0)*(-1)/(-3)*-1. Suppose -3*x - 3*q + 39 = 0, -3*x + 0*x + q + o = 0. What are the prime factors of x?
11
Let j be (4 + -3)*6*-2. Let t = 19 + j. Let f(m) = 4*m + 17. List the prime factors of f(t).
3, 5
Let p(i) = -311*i + 171*i + 166*i - 50 + 132*i**2 - 1. List the prime factors of p(2).
23
Suppose 2*c - 7*c + 165 = 0. Suppose 16*q = -5*x + 20*q + 1160, -4*q = 20. Let b = c + x. What are the prime factors of b?
3, 29
Let n(w) = w**3 - 2*w**2 - 7*w - 2. Let t be n(4). List the prime factors of 18939/12 + t/(-8).
2, 3, 263
Suppose 43 = 5*f + i, -9*f + 5*i - 8 = -11*f. List the prime factors of 3534/f + 6/(-9).
2, 7
Let u be (5 - 4)*(2 + -6). Let k be (-3)/((1 + 0)*(3 + u)). Suppose -3*f = -4*n - f + 348, -2*n = -k*f - 178. List the prime factors of n.
2, 43
Let v(l) = 8*l**2 - 16*l - 925. List the prime factors of v(59).
83, 313
Suppose 423884 = -110*n + 1854874. What are the prime factors of n?
13009
Suppose -15*o = -50*o + 35000. Suppose -4088 = -6*t + o. List the prime factors of t.
2, 53
Suppose 3*i + 4174 = 5*o, -10*i = -3*o - 7*i + 2502. Suppose -4*t + j + 569 = -1103, -o = -2*t - 2*j. List the prime factors of t.
2, 11, 19
Let y be 6/2 - (8 - 57/19). Suppose 2*n = 4*j - 36, -3*j = -4*j + 5*n + 18. List the prime factors of (j/(-16))/(133/(-66) - y).
3, 11
Let b(o) be the second derivative of 0 - 1/12*o**4 + 7/2*o**2 - 5/6*o**3 + 4*o. What are the prime factors of b(-5)?
7
Suppose -5*a + 7*t + 94486 = 0, 16*a - 17*a + t = -18900. What are the prime factors of a?
7, 37, 73
Suppose -5*k - 4*t + 36 = 0, t = -4*k - 1 + 21. Suppose 44 + 25 = 5*v - k*p, v - 3*p = 16. What are the prime factors of v?
13
Let j = -103 + 139. Let r = j - 32. Suppose -q + 4*w = -12, -q + 2*q - 20 = -r*w. What are the prime factors of q?
2
Let s = 2854 + -248. What are the prime factors of s?
2, 1303
Suppose 0 = 7*d - 92 - 90. Suppose -d*r + 31*r - 2705 = 0. List the prime factors of r.
541
Suppose -3*i = -12 + 18. Let w(x) = -16*x**2 - 39*x + 4. Let j(d) = 3*d**2 + 8*d - 1. Let b(v) = i*w(v) - 11*j(v). List the prime factors of b(-8).
19
Let r(h) = -4*h**3 + 49*h**2 + 17*h - 25. What are the prime factors of r(-14)?
11, 1847
Suppose 5*r = v + 2490, -4*r = 4*v - 9*v - 1992. Let g = -121 + r. What are the prime factors of g?
13, 29
Let j(x) = -x**3 + 6*x**2 - x + 8. Let n be j(6). Suppose -n*p = 3*v - 68, 3*v = 2*v - 5*p + 40. List the prime factors of (-6)/(-3) + v/2.
2, 3
Let s = -7910 + 10567. List the prime factors of s.
2657
Let k(x) = 207*x**2 + 7*x + 6. Let d be k(-3). List the prime factors of (-5 - 27/(-4))/(6/d).
7, 11
Suppose -b - 5*f = -441 - 971, -2*b + 2824 = 2*f. Suppose k + 2*a - 559 = 867, -k + 5*a = -b. List the prime factors of k.
2, 3, 79
Let x be 3 - (-4 - -5 - 1)/1. Suppose -3173 = -2*l + j, 2*j - x*j - 1589 = -l. What are the prime factors of l?
2, 3, 11
Let j = -20579 - -30399. What are the prime factors of j?
2, 5, 491
Suppose 4*m = -2*g + 7*m + 19, -4*m - 27 = -3*g. Let h(r) = 5*r**3 - 6*r**2 + 7*r + 1. List the prime factors of h(g).
7, 73
Suppose 16*r + 18 = 10*r. List the prime factors of 985 + r + (2 - 4).
2, 5, 7
What are the prime factors of 10/(1 + 1) - (-39304 + 0 + -15)?
2, 3, 29, 113
Let c = 79 + -58. Let m be 1/(-2)*(c - -1) + -3. Let p = 28 + m. What are the prime factors of p?
2, 7
Let c(l) = 28*l - 4. Let k(o) = -14*o + 3. Let y(i) = 4*c(i) + 7*k(i). Let n(r) = -r**3 - 2*r**2 - 2*r - 3. Let s be n(-2). What are the prime factors of y(s)?
19
Suppose -17*y + 1020 = -11*y. Suppose -b + 788 = y. List the prime factors of b.
2, 3, 103
Let l be 8 - (-8)/6*(-6)/4. Let i(o) = o**2 - 2*o - 18. Let t be i(l). Let j(s) = 2*s**3 - 9*s**2 + 4*s - 13. List the prime factors of j(t).
7, 17
Let m be (-551)/(-4) - 11/(-44). What are the prime factors of -55*(m/30 + -5)?
2, 11
Let y(j) = 2*j + 62. Let n be y(-18). Suppose 5424 = n*x - 2662. What are the prime factors of x?
311
Let i(r) = 8*r**2 - 2*r + 1. Let n be i(1). Suppose 0 = -4*b + 23 - n. Suppose b*q - 317 = 67. List the prime factors of q.
2, 3
Let y = -97 + 52. Let n = y + 180. List the prime factors of n.
3, 5
Let o be ((-10)/(-5))/((-8)/100). Let f(y) = -48*y - 127. List the prime factors of f(o).
29, 37
Suppose -5*i - 3*c = -19, -3*i + c = -2*i - 7. Suppose i*h = -r + h + 33, 5*r - 5*h = 165. List the prime factors of r.
3, 11
Let x be (-911)/6 + (-20)/120. Let k = 538 + x. What are the prime factors of k?
2, 193
Let r be ((-5)/(-3))/((-30)/90). What are the prime factors of -53*18/(30/r)?
3, 53
Let m(l) = -l**3 - l**2 - l - 2. Let y(s) = -3*s**3 - 15*s**2 - 17*s + 9. Let o(p) = 4*m(p) - y(p). List the prime factors of o(-6).
11, 47
Suppose -24*q + 14*q + 160 = 0. What are the prime factors of 8/q - (-2193)/6?
2, 3, 61
Suppose 2548*v = 2530*v + 1323756. List the prime factors of v.
2, 3, 7, 17, 103
Suppose 2*u + 5*w + 1 + 1 = 0, 0 = w. List the prime factors of ((u - -214)*-2)/(-26 - -24).
3, 71
Let p(j) = 52*j**2 - 13*j - 303. List the prime factors of p(-30).
3, 15629
What are the prime factors of (-159)/2*(-66 - (-2 - (-2 - -8)))?
3, 29, 53
Let z(j) = -j**2 - 75. Let i(g) = -g**3 + g**2 + g - 1. Let u be i(-1). Let r be z(u). List the prime factors of r/(-100) + (489/4 - 0).
3, 41
Suppose 4*o = -4, -5 + 7 = 4*q - 2*o. Suppose 2*t = 8, -3*d + q*d + 4*t = -3806. List the prime factors of d.
2, 7, 13
Suppose -y + 5*i = -4948, 0 = 5*y - 5*i - 38158 + 13518. Suppose 0 = 235*o - 244*o + y. List the prime factors of o.
547
Let h(g) = -2*g**2 + 2*g**3 + 11 + 2*g - g**3 - 2*g**2 - g**2. Let q be h(6). Suppose -361 = -4*t + o, -3*o - 304 = -4*t + q. List the prime factors of t.
2, 3, 5
What are the prime factors of 18582 + -13 + 0 + -29 + 32?
2, 4643
Let b(c) = 103*c**2 + c - 18 + 13*c - 124*c**2 + c**3 + 7*c. Let i be b(20). Suppose -i*z + 6*z = 556. List the prime factors of z.
139
Suppose r - 4*r = 3, 2*q - 4*r = 12. Suppose -1715 + 635 = -4*u - 3*x, -q*u = -4*x - 1080. What are the prime factors of u?
2, 3, 5
Suppose 0 = -3*y - 12, 0 = -l - 4*l + 4*y - 54. Let p be l/63 + 2360/9. Suppose 4 - p = -3*m. What are the prime factors of m?
2, 43
Let m be 3240/50 + (-20)/25. Suppose 0 = -5*a + a. Suppose 3*w - m = -x - a*w, x - 2*w = 59. List the prime factors of x.
61
Let i(o) = 10*o - 23. Let f(m) = 6*m - 4. Suppose 3*u - 3*d - 21 = 2*d, -4 = u + 2*d. Let s be f(u). List the prime factors of i(s).
3, 19
Suppose 73*w + 2972 = 4*a + 77*w, -5*a + 2*w + 3680 = 0. List the prime factors of a.
2, 3, 41
Suppose 384 = -9*q + 7*q. Let r = q + 352. List the prime factors of (14 - 15)/((-1)/r).
2, 5
Let k(f) = -5*f + 26. Let y be k(-15). Let a = 140 - y. List the prime factors of a.
3, 13
Suppose 2*i + 3*w - 2090 - 40207 = 0, 4*i - w - 84629 = 0. What are the prime factors of i?
2, 3, 41, 43
Let r(a) = 2*a**3 - 3*a**2 + 11*a + 12. Let c = 131 + -125. List the prime factors of r(c).
2, 3, 67
Suppose -5738*j = -5711*j - 573588. List the prime factors of j.
2, 47, 113
Suppose 5*n = -2*k + 30, -5*k + 2*k + 50 = 5*n. Suppose -k - 1160 = 5*v. Let a = -168 - v. List the prime factors of a.
2, 17
Let g = 65 + -57. Let u be 9006/10 + g/20. Suppose -6*f = -u - 143. What are the prime factors of f?
2, 3, 29
Suppose -4*i + 15*i + 34169 = 198916. What are the prime factors of i?
17, 881
Let h be -2 + -3*8/12. Let s be 50/h*20/(-25). List the prime factors of 2 + 0 + 1 + s.
13
Let h be -8*(-5)/(-70)*-7. Suppose h*j = j - 54. What are the prime factors of 4 - (16/72 - (-4720)/j)?
2, 7, 19
Suppose -29*g + 53*g - 26*g + 77638 = 0. What are the prime factors of g?
11, 3529
Let k = -174 - -177. Suppose -k*n + 652 + 173 = 3*f, 4*n = f - 285. List the prime factors of f.
277
Let j(u) = 212*u - 780. List the prime factors of j(17).
2, 353
Let f(b) = -b**3 - 8*b**2 - 9*b - 10. Let n be f(-7). Suppose -n*v = -4*z - 1504, 3*v = v + z + 751. Suppose -10*w - v = -15*w. List the prime factors of w.
3, 5
Suppose -4*h - 16 = 0, 2*h - 11 = -3*m